83.
259
Calculate the remainder when 1829 is divided by 834.
161
Calculate the remainder when 70 is divided by 39.
31
Calculate the remainder when 1140237 is divided by 24.
21
Calculate the remainder when 1456 is divided by 524.
408
Calculate the remainder when 4937 is divided by 1570.
227
What is the remainder when 11641 is divided by 351?
58
Calculate the remainder when 186814 is divided by 31129.
40
What is the remainder when 5822 is divided by 17?
8
Calculate the remainder when 19392 is divided by 9491.
410
What is the remainder when 5409 is divided by 1742?
183
Calculate the remainder when 1798 is divided by 112.
6
What is the remainder when 18535 is divided by 6175?
10
What is the remainder when 6209 is divided by 4?
1
What is the remainder when 9669 is divided by 21?
9
Calculate the remainder when 1663 is divided by 6.
1
What is the remainder when 75674 is divided by 453?
23
What is the remainder when 5946 is divided by 1950?
96
Calculate the remainder when 36242 is divided by 7247.
7
Calculate the remainder when 8141 is divided by 2033.
9
What is the remainder when 6665 is divided by 1258?
375
What is the remainder when 2972 is divided by 143?
112
What is the remainder when 64678 is divided by 20?
18
Calculate the remainder when 289482 is divided by 66.
6
Calculate the remainder when 534 is divided by 260.
14
What is the remainder when 229397 is divided by 37?
34
What is the remainder when 22415 is divided by 87?
56
What is the remainder when 9859 is divided by 18?
13
What is the remainder when 424 is divided by 405?
19
Calculate the remainder when 174501 is divided by 33.
30
What is the remainder when 10095 is divided by 3213?
456
What is the remainder when 12602 is divided by 6?
2
What is the remainder when 102716 is divided by 117?
107
Calculate the remainder when 112 is divided by 61.
51
Calculate the remainder when 13553 is divided by 323.
310
What is the remainder when 91402 is divided by 238?
10
Calculate the remainder when 784 is divided by 482.
302
What is the remainder when 57613 is divided by 15?
13
Calculate the remainder when 34174 is divided by 34145.
29
Calculate the remainder when 5858 is divided by 833.
27
Calculate the remainder when 4296 is divided by 411.
186
What is the remainder when 18795 is divided by 127?
126
Calculate the remainder when 9506 is divided by 381.
362
Calculate the remainder when 45894 is divided by 107.
98
What is the remainder when 9537 is divided by 222?
213
Calculate the remainder when 18290 is divided by 171.
164
Calculate the remainder when 956 is divided by 60.
56
What is the remainder when 822 is divided by 369?
84
What is the remainder when 7883 is divided by 524?
23
Calculate the remainder when 192999 is divided by 5514.
9
What is the remainder when 16027 is divided by 313?
64
What is the remainder when 4241 is divided by 142?
123
What is the remainder when 727 is divided by 297?
133
What is the remainder when 3769 is divided by 80?
9
What is the remainder when 1067 is divided by 496?
75
Calculate the remainder when 481382 is divided by 21.
20
Calculate the remainder when 160821 is divided by 6185.
11
Calculate the remainder when 1687 is divided by 68.
55
What is the remainder when 12148 is divided by 1517?
12
Calculate the remainder when 47618 is divided by 700.
18
What is the remainder when 42429 is divided by 3262?
23
What is the remainder when 428 is divided by 50?
28
What is the remainder when 3389 is divided by 1623?
143
Calculate the remainder when 37126 is divided by 175.
26
What is the remainder when 1077 is divided by 221?
193
What is the remainder when 472 is divided by 98?
80
What is the remainder when 71433 is divided by 113?
17
Calculate the remainder when 85035 is divided by 243.
228
Calculate the remainder when 26561 is divided by 79.
17
What is the remainder when 13846 is divided by 17?
8
Calculate the remainder when 42376 is divided by 990.
796
Calculate the remainder when 871102 is divided by 1672.
1662
Calculate the remainder when 17781 is divided by 21.
15
What is the remainder when 1764 is divided by 1018?
746
What is the remainder when 3410 is divided by 2868?
542
Calculate the remainder when 34253 is divided by 33.
32
Calculate the remainder when 11800 is divided by 95.
20
Calculate the remainder when 41734 is divided by 2781.
19
Calculate the remainder when 278637 is divided by 270.
267
Calculate the remainder when 127591 is divided by 31894.
15
Calculate the remainder when 11005 is divided by 1064.
365
What is the remainder when 4883 is divided by 610?
3
Calculate the remainder when 52734 is divided by 731.
102
What is the remainder when 5582 is divided by 309?
20
What is the remainder when 2796 is divided by 368?
220
What is the remainder when 203469 is divided by 3?
0
What is the remainder when 10897 is divided by 242?
7
What is the remainder when 142241 is divided by 1120?
1
What is the remainder when 49583 is divided by 723?
419
What is the remainder when 5362689 is divided by 61?
57
Calculate the remainder when 22698 is divided by 329.
326
Calculate the remainder when 28732 is divided by 653.
0
What is the remainder when 57362 is divided by 9?
5
Calculate the remainder when 3939 is divided by 365.
289
Calculate the remainder when 3269 is divided by 942.
443
Calculate the remainder when 940498 is divided by 33.
31
What is the remainder when 1155 is divided by 770?
385
What is the remainder when 5027 is divided by 385?
22
Calculate the remainder when 16781 is divided by 254.
17
Calculate the remainder when 14236 is divided by 14214.
22
What is the remainder when 2081 is divided by 20?
1
Calculate the remainder when 1715 is divided by 40.
35
What is the remainder when 413091 is divided by 4?
3
What is the remainder when 249517 is divided by 64?
45
Calculate the remainder when 14759 is divided by 57.
53
What is the remainder when 148875 is divided by 67?
1
Calculate the remainder when 1239 is divided by 584.
71
Calculate the remainder when 13687 is divided by 114.
7
What is the remainder when 27995 is divided by 1865?
20
Calculate the remainder when 4399 is divided by 5.
4
What is the remainder when 2438 is divided by 1218?
2
Calculate the remainder when 483288 is divided by 48.
24
Calculate the remainder when 57997 is divided by 204.
61
Calculate the remainder when 9524 is divided by 30.
14
What is the remainder when 1242196 is divided by 707?
704
What is the remainder when 406706 is divided by 107?
106
Calculate the remainder when 3761 is divided by 757.
733
What is the remainder when 3741 is divided by 1834?
73
What is the remainder when 14118 is divided by 795?
603
Calculate the remainder when 4552 is divided by 567.
16
What is the remainder when 4516 is divided by 898?
26
What is the remainder when 14351 is divided by 167?
156
What is the remainder when 174415 is divided by 559?
7
What is the remainder when 118357 is divided by 22?
19
Calculate the remainder when 202713 is divided by 138.
129
Calculate the remainder when 1344131 is divided by 214.
211
Calculate the remainder when 8855 is divided by 341.
330
Calculate the remainder when 419162 is divided by 1278.
1256
Calculate the remainder when 17359 is divided by 35.
34
What is the remainder when 21078 is divided by 10539?
0
Calculate the remainder when 75440 is divided by 15088.
0
What is the remainder when 353741 is divided by 174?
173
What is the remainder when 24741 is divided by 1765?
31
Calculate the remainder when 8986 is divided by 88.
10
What is the remainder when 4696 is divided by 4001?
695
What is the remainder when 371 is divided by 95?
86
Calculate the remainder when 3153 is divided by 580.
253
Calculate the remainder when 26207 is divided by 19.
6
Calculate the remainder when 13237 is divided by 184.
173
What is the remainder when 499929 is divided by 29?
27
Calculate the remainder when 862 is divided by 13.
4
Calculate the remainder when 4208 is divided by 9.
5
What is the remainder when 24587 is divided by 351?
17
Calculate the remainder when 42042 is divided by 10508.
10
Calculate the remainder when 4162 is divided by 462.
4
What is the remainder when 190415 is divided by 16?
15
What is the remainder when 8346 is divided by 167?
163
What is the remainder when 3427 is divided by 196